{"id":1907,"date":"2023-09-05T11:32:26","date_gmt":"2023-09-05T11:32:26","guid":{"rendered":"https:\/\/rolda.ro\/magazin\/?post_type=product&#038;p=1907"},"modified":"2024-11-08T11:20:38","modified_gmt":"2024-11-08T11:20:38","slug":"colier-cu-pandantiv-caine-retro","status":"publish","type":"product","link":"https:\/\/rolda.ro\/magazin\/produs\/colier-cu-pandantiv-caine-retro\/","title":{"rendered":"Colier cu pandantiv \u201eC\u00e2ine retro\u201d"},"content":{"rendered":"<p>Pandantiv din lut polimeric realizat manual, cu sfoar\u0103 cerat\u0103 din bumbac.<br \/>\nPoate fi personalizat, toate elementele de aceea\u0219i culoare sau culori diferite.<\/p>\n<p>Dimensiune pandantiv: 9 x 4,5 cm<br \/>\nLungime total\u0103 colier 42 cm<\/p>\n<div class=\"disclaimer\">\n<p>Pentru produsele realizate de c\u0103tre artizanii mentiona\u021bi pe pagina fiec\u0103rui obiect disponibil \u00een Magazinul online ROLDA; organiza\u021bia noastr\u0103 nu \u00ee\u0219i asum\u0103 r\u0103spunderea pentru \u00eent\u00e2rzierile la livrare cauzate de artizani sau de c\u0103tre serviciile po\u0219tale, diferen\u021be de orice fel \u00eentre descrierea produselor prezentate\/v\u00e2ndute, modul \u00een care produsele sunt create, realizate, asamblate sau modul \u00een care sunt folosite dup\u0103 ce sunt cump\u0103rate.<\/p>\n<\/div>\n","protected":false},"excerpt":{"rendered":"<p class=\"createdby\">Created by: Georgeta &amp; MayaArt<\/p>\n<p class=\"toptext\"><strong>Prin cump\u0103rarea acestui obiect, aju\u021bi echipa ROLDA s\u0103 sprijine comunit\u0103\u021bile s\u0103race din Rom\u00e2nia prin campanii de microcipare \u0219i sterilizare. Acest lucru va preveni abandonul c\u0103\u021beilor n\u0103scu\u021bi nedori\u021bi care ajung pe str\u0103zi.<\/strong><\/p>\n<p class=\"desc\">Realizat din lut polimeric<\/p>\n","protected":false},"featured_media":1908,"comment_status":"open","ping_status":"closed","template":"","meta":[],"product_cat":[32],"product_tag":[192],"yoast_head":"<!-- This site is optimized with the Yoast SEO plugin v18.4.1 - https:\/\/yoast.com\/wordpress\/plugins\/seo\/ -->\n<title>Colier cu pandantiv \u201eC\u00e2ine retro\u201d - ROLDA Magazin<\/title>\n<meta name=\"robots\" content=\"index, follow, max-snippet:-1, max-image-preview:large, max-video-preview:-1\" \/>\n<link rel=\"canonical\" href=\"https:\/\/rolda.ro\/magazin\/produs\/colier-cu-pandantiv-caine-retro\/\" \/>\n<meta property=\"og:locale\" content=\"ro_RO\" \/>\n<meta property=\"og:type\" content=\"article\" \/>\n<meta property=\"og:title\" content=\"Cumpara un colier cu pandantiv \u201eCaine retro\u201d pentru a ne ajuta sa continuam sa microcipam si sa sterilizam cainii din comunitatea rurala saraca din Romania\" \/>\n<meta property=\"og:description\" content=\"Created by: Georgeta &amp; MayaArt Prin cump\u0103rarea acestui obiect, aju\u021bi echipa ROLDA s\u0103 sprijine comunit\u0103\u021bile s\u0103race din Rom\u00e2nia prin campanii de microcipare \u0219i sterilizare. Acest lucru va preveni abandonul c\u0103\u021beilor n\u0103scu\u021bi nedori\u021bi care ajung pe str\u0103zi. Realizat din lut polimeric\" \/>\n<meta property=\"og:url\" content=\"https:\/\/rolda.ro\/magazin\/produs\/colier-cu-pandantiv-caine-retro\/\" \/>\n<meta property=\"og:site_name\" content=\"ROLDA Magazin\" \/>\n<meta property=\"article:modified_time\" content=\"2024-11-08T11:20:38+00:00\" \/>\n<meta property=\"og:image\" content=\"https:\/\/rolda.ro\/magazin\/wp-content\/uploads\/2023\/09\/medallion_type1_2018_MAA-preview.png\" \/>\n\t<meta property=\"og:image:width\" content=\"1200\" \/>\n\t<meta property=\"og:image:height\" content=\"630\" \/>\n\t<meta property=\"og:image:type\" content=\"image\/png\" \/>\n<meta name=\"twitter:card\" content=\"summary_large_image\" \/>\n<meta name=\"twitter:title\" content=\"Cumpara un colier cu pandantiv \u201eCaine retro\u201d pentru a ne ajuta sa continuam sa microcipam si sa sterilizam cainii din comunitatea rurala saraca din Romania\" \/>\n<meta name=\"twitter:image\" content=\"https:\/\/rolda.ro\/magazin\/wp-content\/uploads\/2023\/09\/medallion_type1_2018_MAA-preview.png\" \/>\n<meta name=\"twitter:label1\" content=\"Timp estimat pentru citire\" \/>\n\t<meta name=\"twitter:data1\" content=\"1 minut\" \/>\n<script type=\"application\/ld+json\" class=\"yoast-schema-graph\">{\"@context\":\"https:\/\/schema.org\",\"@graph\":[{\"@type\":\"WebSite\",\"@id\":\"https:\/\/rolda.ro\/magazin\/#website\",\"url\":\"https:\/\/rolda.ro\/magazin\/\",\"name\":\"ROLDA Magazin\",\"description\":\"Magazin\",\"potentialAction\":[{\"@type\":\"SearchAction\",\"target\":{\"@type\":\"EntryPoint\",\"urlTemplate\":\"https:\/\/rolda.ro\/magazin\/?s={search_term_string}\"},\"query-input\":\"required name=search_term_string\"}],\"inLanguage\":\"ro-RO\"},{\"@type\":\"ImageObject\",\"@id\":\"https:\/\/rolda.ro\/magazin\/produs\/colier-cu-pandantiv-caine-retro\/#primaryimage\",\"inLanguage\":\"ro-RO\",\"url\":\"https:\/\/rolda.ro\/magazin\/wp-content\/uploads\/2023\/09\/medallion_type1_2018_MAA-preview.png\",\"contentUrl\":\"https:\/\/rolda.ro\/magazin\/wp-content\/uploads\/2023\/09\/medallion_type1_2018_MAA-preview.png\",\"width\":1200,\"height\":630},{\"@type\":\"WebPage\",\"@id\":\"https:\/\/rolda.ro\/magazin\/produs\/colier-cu-pandantiv-caine-retro\/#webpage\",\"url\":\"https:\/\/rolda.ro\/magazin\/produs\/colier-cu-pandantiv-caine-retro\/\",\"name\":\"Colier cu pandantiv \u201eC\u00e2ine retro\u201d - ROLDA Magazin\",\"isPartOf\":{\"@id\":\"https:\/\/rolda.ro\/magazin\/#website\"},\"primaryImageOfPage\":{\"@id\":\"https:\/\/rolda.ro\/magazin\/produs\/colier-cu-pandantiv-caine-retro\/#primaryimage\"},\"datePublished\":\"2023-09-05T11:32:26+00:00\",\"dateModified\":\"2024-11-08T11:20:38+00:00\",\"breadcrumb\":{\"@id\":\"https:\/\/rolda.ro\/magazin\/produs\/colier-cu-pandantiv-caine-retro\/#breadcrumb\"},\"inLanguage\":\"ro-RO\",\"potentialAction\":[{\"@type\":\"ReadAction\",\"target\":[\"https:\/\/rolda.ro\/magazin\/produs\/colier-cu-pandantiv-caine-retro\/\"]}]},{\"@type\":\"BreadcrumbList\",\"@id\":\"https:\/\/rolda.ro\/magazin\/produs\/colier-cu-pandantiv-caine-retro\/#breadcrumb\",\"itemListElement\":[{\"@type\":\"ListItem\",\"position\":1,\"name\":\"Pagina principal\u0103\",\"item\":\"https:\/\/rolda.ro\/magazin\/\"},{\"@type\":\"ListItem\",\"position\":2,\"name\":\"Produse\",\"item\":\"https:\/\/rolda.ro\/magazin\/produse\/\"},{\"@type\":\"ListItem\",\"position\":3,\"name\":\"Colier cu pandantiv \u201eC\u00e2ine retro\u201d\"}]}]}<\/script>\n<!-- \/ Yoast SEO plugin. -->","yoast_head_json":{"title":"Colier cu pandantiv \u201eC\u00e2ine retro\u201d - ROLDA Magazin","robots":{"index":"index","follow":"follow","max-snippet":"max-snippet:-1","max-image-preview":"max-image-preview:large","max-video-preview":"max-video-preview:-1"},"canonical":"https:\/\/rolda.ro\/magazin\/produs\/colier-cu-pandantiv-caine-retro\/","og_locale":"ro_RO","og_type":"article","og_title":"Cumpara un colier cu pandantiv \u201eCaine retro\u201d pentru a ne ajuta sa continuam sa microcipam si sa sterilizam cainii din comunitatea rurala saraca din Romania","og_description":"Created by: Georgeta &amp; MayaArt Prin cump\u0103rarea acestui obiect, aju\u021bi echipa ROLDA s\u0103 sprijine comunit\u0103\u021bile s\u0103race din Rom\u00e2nia prin campanii de microcipare \u0219i sterilizare. Acest lucru va preveni abandonul c\u0103\u021beilor n\u0103scu\u021bi nedori\u021bi care ajung pe str\u0103zi. Realizat din lut polimeric","og_url":"https:\/\/rolda.ro\/magazin\/produs\/colier-cu-pandantiv-caine-retro\/","og_site_name":"ROLDA Magazin","article_modified_time":"2024-11-08T11:20:38+00:00","og_image":[{"width":1200,"height":630,"url":"https:\/\/rolda.ro\/magazin\/wp-content\/uploads\/2023\/09\/medallion_type1_2018_MAA-preview.png","type":"image\/png"}],"twitter_card":"summary_large_image","twitter_title":"Cumpara un colier cu pandantiv \u201eCaine retro\u201d pentru a ne ajuta sa continuam sa microcipam si sa sterilizam cainii din comunitatea rurala saraca din Romania","twitter_image":"https:\/\/rolda.ro\/magazin\/wp-content\/uploads\/2023\/09\/medallion_type1_2018_MAA-preview.png","twitter_misc":{"Timp estimat pentru citire":"1 minut"},"schema":{"@context":"https:\/\/schema.org","@graph":[{"@type":"WebSite","@id":"https:\/\/rolda.ro\/magazin\/#website","url":"https:\/\/rolda.ro\/magazin\/","name":"ROLDA Magazin","description":"Magazin","potentialAction":[{"@type":"SearchAction","target":{"@type":"EntryPoint","urlTemplate":"https:\/\/rolda.ro\/magazin\/?s={search_term_string}"},"query-input":"required name=search_term_string"}],"inLanguage":"ro-RO"},{"@type":"ImageObject","@id":"https:\/\/rolda.ro\/magazin\/produs\/colier-cu-pandantiv-caine-retro\/#primaryimage","inLanguage":"ro-RO","url":"https:\/\/rolda.ro\/magazin\/wp-content\/uploads\/2023\/09\/medallion_type1_2018_MAA-preview.png","contentUrl":"https:\/\/rolda.ro\/magazin\/wp-content\/uploads\/2023\/09\/medallion_type1_2018_MAA-preview.png","width":1200,"height":630},{"@type":"WebPage","@id":"https:\/\/rolda.ro\/magazin\/produs\/colier-cu-pandantiv-caine-retro\/#webpage","url":"https:\/\/rolda.ro\/magazin\/produs\/colier-cu-pandantiv-caine-retro\/","name":"Colier cu pandantiv \u201eC\u00e2ine retro\u201d - ROLDA Magazin","isPartOf":{"@id":"https:\/\/rolda.ro\/magazin\/#website"},"primaryImageOfPage":{"@id":"https:\/\/rolda.ro\/magazin\/produs\/colier-cu-pandantiv-caine-retro\/#primaryimage"},"datePublished":"2023-09-05T11:32:26+00:00","dateModified":"2024-11-08T11:20:38+00:00","breadcrumb":{"@id":"https:\/\/rolda.ro\/magazin\/produs\/colier-cu-pandantiv-caine-retro\/#breadcrumb"},"inLanguage":"ro-RO","potentialAction":[{"@type":"ReadAction","target":["https:\/\/rolda.ro\/magazin\/produs\/colier-cu-pandantiv-caine-retro\/"]}]},{"@type":"BreadcrumbList","@id":"https:\/\/rolda.ro\/magazin\/produs\/colier-cu-pandantiv-caine-retro\/#breadcrumb","itemListElement":[{"@type":"ListItem","position":1,"name":"Pagina principal\u0103","item":"https:\/\/rolda.ro\/magazin\/"},{"@type":"ListItem","position":2,"name":"Produse","item":"https:\/\/rolda.ro\/magazin\/produse\/"},{"@type":"ListItem","position":3,"name":"Colier cu pandantiv \u201eC\u00e2ine retro\u201d"}]}]}},"_links":{"self":[{"href":"https:\/\/rolda.ro\/magazin\/wp-json\/wp\/v2\/product\/1907"}],"collection":[{"href":"https:\/\/rolda.ro\/magazin\/wp-json\/wp\/v2\/product"}],"about":[{"href":"https:\/\/rolda.ro\/magazin\/wp-json\/wp\/v2\/types\/product"}],"replies":[{"embeddable":true,"href":"https:\/\/rolda.ro\/magazin\/wp-json\/wp\/v2\/comments?post=1907"}],"wp:featuredmedia":[{"embeddable":true,"href":"https:\/\/rolda.ro\/magazin\/wp-json\/wp\/v2\/media\/1908"}],"wp:attachment":[{"href":"https:\/\/rolda.ro\/magazin\/wp-json\/wp\/v2\/media?parent=1907"}],"wp:term":[{"taxonomy":"product_cat","embeddable":true,"href":"https:\/\/rolda.ro\/magazin\/wp-json\/wp\/v2\/product_cat?post=1907"},{"taxonomy":"product_tag","embeddable":true,"href":"https:\/\/rolda.ro\/magazin\/wp-json\/wp\/v2\/product_tag?post=1907"}],"curies":[{"name":"wp","href":"https:\/\/api.w.org\/{rel}","templated":true}]}}